{"id":56,"date":"2021-02-02T13:12:43","date_gmt":"2021-02-02T12:12:43","guid":{"rendered":"http:\/\/127.0.0.1\/wordpress\/?page_id=56"},"modified":"2021-03-31T15:33:13","modified_gmt":"2021-03-31T14:33:13","slug":"contacto","status":"publish","type":"page","link":"https:\/\/iavis.uv.es\/index.php\/contacto\/","title":{"rendered":"Contacto"},"content":{"rendered":"\n<figure><table><tbody><tr><td><h2 style=\"font-size:20px;\">Direcci\u00f3n electr\u00f3nica<\/h2><\/td><td><a href=\"mailto:iavis@uv.es\">iavis@uv.es<\/a><\/td><\/tr><tr><td><h2 style=\"font-size:20px;\">Direcci\u00f3n postal<\/h2><\/td><td>IRTIC C\/ Catedr\u00e0tic Jos\u00e9 Beltr\u00e1n 2, 46980, Paterna (Val\u00e8ncia)<\/td><\/tr>\n<tr><\/tr><tr><td><h2 style=\"font-size:20px;\">Tel\u00e9fono<\/h2><\/td><td>963543580<\/td><\/tr><\/tbody><\/table><\/figure>\n\n\n\n<p><\/p>\n","protected":false},"excerpt":{"rendered":"<p>Direcci\u00f3n electr\u00f3nica iavis@uv.es Direcci\u00f3n postal IRTIC C\/ Catedr\u00e0tic Jos\u00e9 Beltr\u00e1n 2, 46980, Paterna (Val\u00e8ncia) Tel\u00e9fono 963543580<\/p>\n","protected":false},"author":1,"featured_media":0,"parent":0,"menu_order":0,"comment_status":"closed","ping_status":"closed","template":"","meta":{"sfsi_plus_gutenberg_text_before_share":"","sfsi_plus_gutenberg_show_text_before_share":"","sfsi_plus_gutenberg_icon_type":"","sfsi_plus_gutenberg_icon_alignemt":"","sfsi_plus_gutenburg_max_per_row":"","_monsterinsights_skip_tracking":false,"_monsterinsights_sitenote_active":false,"_monsterinsights_sitenote_note":"","_monsterinsights_sitenote_category":0,"footnotes":""},"class_list":["post-56","page","type-page","status-publish","hentry"],"aioseo_notices":[],"_links":{"self":[{"href":"https:\/\/iavis.uv.es\/index.php\/wp-json\/wp\/v2\/pages\/56","targetHints":{"allow":["GET"]}}],"collection":[{"href":"https:\/\/iavis.uv.es\/index.php\/wp-json\/wp\/v2\/pages"}],"about":[{"href":"https:\/\/iavis.uv.es\/index.php\/wp-json\/wp\/v2\/types\/page"}],"author":[{"embeddable":true,"href":"https:\/\/iavis.uv.es\/index.php\/wp-json\/wp\/v2\/users\/1"}],"replies":[{"embeddable":true,"href":"https:\/\/iavis.uv.es\/index.php\/wp-json\/wp\/v2\/comments?post=56"}],"version-history":[{"count":40,"href":"https:\/\/iavis.uv.es\/index.php\/wp-json\/wp\/v2\/pages\/56\/revisions"}],"predecessor-version":[{"id":445,"href":"https:\/\/iavis.uv.es\/index.php\/wp-json\/wp\/v2\/pages\/56\/revisions\/445"}],"wp:attachment":[{"href":"https:\/\/iavis.uv.es\/index.php\/wp-json\/wp\/v2\/media?parent=56"}],"curies":[{"name":"wp","href":"https:\/\/api.w.org\/{rel}","templated":true}]}}

<figure><table><tbody><tr><td><h2 style="font-size:20px;">Dirección electrónica</h2></td><td><a href="mailto:iavis@uv.es">iavis@uv.es</a></td></tr><tr><td><h2 style="font-size:20px;">Dirección postal</h2></td><td>IRTIC C/ Catedràtic José Beltrán 2, 46980, Paterna (València)</td></tr>
<tr></tr><tr><td><h2 style="font-size:20px;">Teléfono</h2></td><td>963543580</td></tr></tbody></table></figure>



<p></p>

<p>Dirección electrónica iavis@uv.es Dirección postal IRTIC C/ Catedràtic José Beltrán 2, 46980, Paterna (València) Teléfono 963543580</p>
