{"id":1706,"date":"2024-11-26T11:25:50","date_gmt":"2024-11-26T10:25:50","guid":{"rendered":"https:\/\/iavis.uv.es\/?page_id=1706"},"modified":"2024-11-26T11:25:50","modified_gmt":"2024-11-26T10:25:50","slug":"uso-del-carril-bici-en-valencia","status":"publish","type":"page","link":"https:\/\/iavis.uv.es\/index.php\/uso-del-carril-bici-en-valencia\/","title":{"rendered":"Uso del carril-bici en Valencia"},"content":{"rendered":"\n<p>La ciudad de Valencia cuenta con una infraestructura ciclista que ha ido ampli\u00e1ndose y mejorando en los \u00faltimos a\u00f1os para fomentar el uso de la bicicleta como medio de transporte urbano sostenible. En la actualidad la red urbana cuenta aproximadamente con 164 kil\u00f3metros de carril bici que cubren gran parte de la ciudad y est\u00e1 dise\u00f1ada para conectar puntos clave como el centro de la ciudad con zonas residenciales, as\u00ed como con localidades cercanas mediante rutas interurbanas.<\/p>\n\n\n\n<p>Adem\u00e1s, la ciudad cuenta con estaciones de aparcamiento y el servicio de bicicletas compartidas, Valenbisi, que facilita a los ciclistas acceder y estacionar las bicicletas en diferentes zonas. Tambi\u00e9n en los \u00faltimos a\u00f1os han proliferado las empresas de alquiler de bicicletas orientadas al turismo.<\/p>\n\n\n\n<p>En este trabajo se ha recopilado informaci\u00f3n del uso del carril bici en la ciudad de Valencia durante los \u00faltimos 12 a\u00f1os y se ha realizado un an\u00e1lisis del mismo. Se presenta una aplicaci\u00f3n que permite:<\/p>\n\n\n\n<ul class=\"wp-block-list\">\n<li>Visualizar datos en tiempo real sobre el uso de la bicicleta en la ciudad, combinado con un componente interactivo alimentado por GPT para responde preguntas espec\u00edficas.<\/li>\n\n\n\n<li>Visualizar estad\u00edsticas de uso de de la bicicleta por hora, d\u00eda de la semana, mes y a\u00f1o con los datos acumulados desde 2012.<\/li>\n\n\n\n<li>Visualizar sobre un mapa de la ciudad las intensidades hist\u00f3ricas  en los diferentes puntos de medida seleccionando variables como hora, d\u00eda y mes.<\/li>\n<\/ul>\n\n\n\n<p>Acceso a la<strong><a href=\"http:\/\/server1.uv.es\/BICICLETAS\" target=\"_blank\" rel=\"noopener\" title=\"\"> HERRAMIENTA DE VISUALIZACI\u00d3N DEL USO DE LA BICICLETA EN VALENCIA<\/a><\/strong><\/p>\n","protected":false},"excerpt":{"rendered":"<p>La ciudad de Valencia cuenta con una infraestructura ciclista que ha ido ampli\u00e1ndose y mejorando en los \u00faltimos a\u00f1os para fomentar el uso de la bicicleta como medio de transporte urbano sostenible. En la actualidad la red urbana cuenta aproximadamente con 164 kil\u00f3metros de carril bici que cubren gran parte de la ciudad y est\u00e1 &hellip; <\/p>\n<p class=\"link-more\"><a href=\"https:\/\/iavis.uv.es\/index.php\/uso-del-carril-bici-en-valencia\/\" class=\"more-link\">Continuar leyendo<span class=\"screen-reader-text\"> \u00abUso del carril-bici en Valencia\u00bb<\/span><\/a><\/p>\n","protected":false},"author":1,"featured_media":0,"parent":0,"menu_order":0,"comment_status":"closed","ping_status":"closed","template":"","meta":{"sfsi_plus_gutenberg_text_before_share":"","sfsi_plus_gutenberg_show_text_before_share":"","sfsi_plus_gutenberg_icon_type":"","sfsi_plus_gutenberg_icon_alignemt":"","sfsi_plus_gutenburg_max_per_row":"","_monsterinsights_skip_tracking":false,"_monsterinsights_sitenote_active":false,"_monsterinsights_sitenote_note":"","_monsterinsights_sitenote_category":0,"footnotes":""},"class_list":["post-1706","page","type-page","status-publish","hentry"],"aioseo_notices":[],"_links":{"self":[{"href":"https:\/\/iavis.uv.es\/index.php\/wp-json\/wp\/v2\/pages\/1706","targetHints":{"allow":["GET"]}}],"collection":[{"href":"https:\/\/iavis.uv.es\/index.php\/wp-json\/wp\/v2\/pages"}],"about":[{"href":"https:\/\/iavis.uv.es\/index.php\/wp-json\/wp\/v2\/types\/page"}],"author":[{"embeddable":true,"href":"https:\/\/iavis.uv.es\/index.php\/wp-json\/wp\/v2\/users\/1"}],"replies":[{"embeddable":true,"href":"https:\/\/iavis.uv.es\/index.php\/wp-json\/wp\/v2\/comments?post=1706"}],"version-history":[{"count":2,"href":"https:\/\/iavis.uv.es\/index.php\/wp-json\/wp\/v2\/pages\/1706\/revisions"}],"predecessor-version":[{"id":1708,"href":"https:\/\/iavis.uv.es\/index.php\/wp-json\/wp\/v2\/pages\/1706\/revisions\/1708"}],"wp:attachment":[{"href":"https:\/\/iavis.uv.es\/index.php\/wp-json\/wp\/v2\/media?parent=1706"}],"curies":[{"name":"wp","href":"https:\/\/api.w.org\/{rel}","templated":true}]}}

<p>La ciudad de Valencia cuenta con una infraestructura ciclista que ha ido ampliándose y mejorando en los últimos años para fomentar el uso de la bicicleta como medio de transporte urbano sostenible. En la actualidad la red urbana cuenta aproximadamente con 164 kilómetros de carril bici que cubren gran parte de la ciudad y está diseñada para conectar puntos clave como el centro de la ciudad con zonas residenciales, así como con localidades cercanas mediante rutas interurbanas.</p>



<p>Además, la ciudad cuenta con estaciones de aparcamiento y el servicio de bicicletas compartidas, Valenbisi, que facilita a los ciclistas acceder y estacionar las bicicletas en diferentes zonas. También en los últimos años han proliferado las empresas de alquiler de bicicletas orientadas al turismo.</p>



<p>En este trabajo se ha recopilado información del uso del carril bici en la ciudad de Valencia durante los últimos 12 años y se ha realizado un análisis del mismo. Se presenta una aplicación que permite:</p>



<ul class="wp-block-list">
<li>Visualizar datos en tiempo real sobre el uso de la bicicleta en la ciudad, combinado con un componente interactivo alimentado por GPT para responde preguntas específicas.</li>



<li>Visualizar estadísticas de uso de de la bicicleta por hora, día de la semana, mes y año con los datos acumulados desde 2012.</li>



<li>Visualizar sobre un mapa de la ciudad las intensidades históricas  en los diferentes puntos de medida seleccionando variables como hora, día y mes.</li>
</ul>



<p>Acceso a la<strong><a href="http://server1.uv.es/BICICLETAS" target="_blank" rel="noopener" title=""> HERRAMIENTA DE VISUALIZACIÓN DEL USO DE LA BICICLETA EN VALENCIA</a></strong></p>

<p>La ciudad de Valencia cuenta con una infraestructura ciclista que ha ido ampliándose y mejorando en los últimos años para fomentar el uso de la bicicleta como medio de transporte urbano sostenible. En la actualidad la red urbana cuenta aproximadamente con 164 kilómetros de carril bici que cubren gran parte de la ciudad y está &hellip; </p>
<p class="link-more"><a href="https://iavis.uv.es/index.php/uso-del-carril-bici-en-valencia/" class="more-link">Continuar leyendo<span class="screen-reader-text"> «Uso del carril-bici en Valencia»</span></a></p>
