{"id":1549,"date":"2024-02-08T13:57:01","date_gmt":"2024-02-08T12:57:01","guid":{"rendered":"https:\/\/iavis.uv.es\/?page_id=1549"},"modified":"2024-02-08T13:57:02","modified_gmt":"2024-02-08T12:57:02","slug":"difusion","status":"publish","type":"page","link":"https:\/\/iavis.uv.es\/index.php\/difusion\/","title":{"rendered":"Difusi\u00f3n"},"content":{"rendered":"\n<p>Desde la c\u00e1tedra se realizan tareas de difusi\u00f3n y divulgaci\u00f3n tanto de las actividades de la c\u00e1tedra como de las tem\u00e1ticas de inter\u00e9s.<\/p>\n\n\n\n<ul class=\"wp-block-list\">\n<li>Organizaci\u00f3n de jornadas de divulgaci\u00f3n abiertas al p\u00fablico en general.<\/li>\n\n\n\n<li>Participaci\u00f3n en cursos de formaci\u00f3n del ayuntamiento.<\/li>\n\n\n\n<li>Publicaci\u00f3n en medios de comunicaci\u00f3n de noticias de tem\u00e1ticas afines a la c\u00e1tedra.<\/li>\n\n\n\n<li>Publicaci\u00f3n en medios de \u00e1mbito acad\u00e9mico de trabajos y resultados.<\/li>\n<\/ul>\n","protected":false},"excerpt":{"rendered":"<p>Desde la c\u00e1tedra se realizan tareas de difusi\u00f3n y divulgaci\u00f3n tanto de las actividades de la c\u00e1tedra como de las tem\u00e1ticas de inter\u00e9s.<\/p>\n","protected":false},"author":1,"featured_media":0,"parent":0,"menu_order":0,"comment_status":"closed","ping_status":"closed","template":"","meta":{"sfsi_plus_gutenberg_text_before_share":"","sfsi_plus_gutenberg_show_text_before_share":"","sfsi_plus_gutenberg_icon_type":"","sfsi_plus_gutenberg_icon_alignemt":"","sfsi_plus_gutenburg_max_per_row":"","_monsterinsights_skip_tracking":false,"_monsterinsights_sitenote_active":false,"_monsterinsights_sitenote_note":"","_monsterinsights_sitenote_category":0,"footnotes":""},"class_list":["post-1549","page","type-page","status-publish","hentry"],"aioseo_notices":[],"_links":{"self":[{"href":"https:\/\/iavis.uv.es\/index.php\/wp-json\/wp\/v2\/pages\/1549","targetHints":{"allow":["GET"]}}],"collection":[{"href":"https:\/\/iavis.uv.es\/index.php\/wp-json\/wp\/v2\/pages"}],"about":[{"href":"https:\/\/iavis.uv.es\/index.php\/wp-json\/wp\/v2\/types\/page"}],"author":[{"embeddable":true,"href":"https:\/\/iavis.uv.es\/index.php\/wp-json\/wp\/v2\/users\/1"}],"replies":[{"embeddable":true,"href":"https:\/\/iavis.uv.es\/index.php\/wp-json\/wp\/v2\/comments?post=1549"}],"version-history":[{"count":1,"href":"https:\/\/iavis.uv.es\/index.php\/wp-json\/wp\/v2\/pages\/1549\/revisions"}],"predecessor-version":[{"id":1550,"href":"https:\/\/iavis.uv.es\/index.php\/wp-json\/wp\/v2\/pages\/1549\/revisions\/1550"}],"wp:attachment":[{"href":"https:\/\/iavis.uv.es\/index.php\/wp-json\/wp\/v2\/media?parent=1549"}],"curies":[{"name":"wp","href":"https:\/\/api.w.org\/{rel}","templated":true}]}}

Difusión

<p>Desde la cátedra se realizan tareas de difusión y divulgación tanto de las actividades de la cátedra como de las temáticas de interés.</p>



<ul class="wp-block-list">
<li>Organización de jornadas de divulgación abiertas al público en general.</li>



<li>Participación en cursos de formación del ayuntamiento.</li>



<li>Publicación en medios de comunicación de noticias de temáticas afines a la cátedra.</li>



<li>Publicación en medios de ámbito académico de trabajos y resultados.</li>
</ul>

<p>Desde la cátedra se realizan tareas de difusión y divulgación tanto de las actividades de la cátedra como de las temáticas de interés.</p>
