{"id":1393,"date":"2023-07-22T11:50:45","date_gmt":"2023-07-22T09:50:45","guid":{"rendered":"https:\/\/iavis.uv.es\/?page_id=1393"},"modified":"2024-06-04T14:07:04","modified_gmt":"2024-06-04T12:07:04","slug":"calidad-del-aire","status":"publish","type":"page","link":"https:\/\/iavis.uv.es\/index.php\/calidad-del-aire\/","title":{"rendered":"Calidad del aire"},"content":{"rendered":"\n<style>\nbody {\n    text-align: justify;\n}\nbody {\n    margin: 0;\n    font-family: -apple-system,BlinkMacSystemFont,\"Segoe UI\",Roboto,\"Helvetica Neue\",Arial,sans-serif,\"Apple Color Emoji\",\"Segoe UI Emoji\",\"Segoe UI Symbol\";\n    font-size: 1rem;\n    font-weight: 400;\n    line-height: 1.5;    color: #212529;\n    text-align: left;\n    background-color: #fff;\n}\n:root {\n    --blue: #007bff;\n    --indigo: #6610f2;\n    --purple: #6f42c1;\n    --pink: #e83e8c;\n    --red: #dc3545;\n    --orange: #fd7e14;\n    --yellow: #ffc107;\n    --green: #28a745;\n    --teal: #20c997;\n    --cyan: #17a2b8;\n    --white: #fff;\n    --gray: #6c757d;\n    --gray-dark: #343a40;\n    --primary: #007bff;\n    --secondary: #6c757d;\n    --success: #28a745;\n    --info: #17a2b8;\n    --warning: #ffc107;\n    --danger: #dc3545;\n    --light: #f8f9fa;\n    --dark: #343a40;\n    --breakpoint-xs: 0;\n    --breakpoint-sm: 576px;\n    --breakpoint-md: 768px;\n    --breakpoint-lg: 992px;\n    --breakpoint-xl: 1200px;\n    --font-family-sans-serif: -apple-system,BlinkMacSystemFont,\"Segoe UI\",Roboto,\"Helvetica Neue\",Arial,sans-serif,\"Apple Color Emoji\",\"Segoe UI Emoji\",\"Segoe UI Symbol\";\n    --font-family-monospace: SFMono-Regular,Menlo,Monaco,Consolas,\"Liberation Mono\",\"Courier New\",monospace;\n}\nhtml {\n    font-family: sans-serif;\n    line-height: 1.15;\n    -webkit-text-size-adjust: 100%;\n    -ms-text-size-adjust: 100%;\n    -ms-overflow-style: scrollbar;\n    -webkit-tap-highlight-color: transparent;\n}\n\n.text-center {\n    text-align: center!important;\n}\n\n.h3, .h4, .h5, .h6, h3, h4, h5, h6 {\n    margin-bottom: .5rem;\n    font-family: inherit;\n    font-weight: 500;\n    line-height: 1.2;\n    color: inherit;\n}\nh3, h4, h5, h6 {\n    margin-top: 0;\n    margin-bottom: .5rem;\n}\n\n\nhr{\nheight:1px; !important\n}\n\np {\n    margin-top: 0;\n    margin-bottom: 1rem;\n    display: block;\n    margin-block-start: 1em;\n    margin-block-end: 1em;\n    margin-inline-start: 0px;\n    margin-inline-end: 0px;\n    color:#5C5F69;\n}\n\nh2{\ncolor:#b61828;\n}\n\na.hover-link:hover {\n  color: #b61828;\n}\n\n\n<\/style>\n\n\n\n<h2 class=\"text-center\" style=\"margin-bottom:0px\"><b>Calidad del aire<\/b><\/h2><br>\n\n\n\n<p><\/p>\n\n\n\n<pre class=\"wp-block-code\"><code>La calidad del aire es un tema de gran importancia para la salud y el bienestar de la poblaci\u00f3n. En la ciudad de Valencia, al igual que en muchas otras ciudades del mundo, la calidad del aire ha sido objeto de preocupaci\u00f3n debido al aumento de la contaminaci\u00f3n atmosf\u00e9rica en las \u00faltimas d\u00e9cadas. La contaminaci\u00f3n del aire puede tener efectos negativos en la salud de las personas, el medio ambiente y la econom\u00eda. Por lo tanto, es importante comprender las diferentes variables que afectan a la misma y c\u00f3mo pueden ser monitoreadas y controladas para llevar a cabo un plan de acci\u00f3n.\n\nActualmente el web del Ayuntamiento de Valencia ofrece, dentro del <a class=\"hover-link\" href=\"https:\/\/valencia.opendatasoft.com\/\" target=\"_blank\" rel=\"noopener\" title=\"\"><strong>portal de datos abiertos<\/strong><\/a>, numerosos conjuntos de datos, algunos de ellos relacionados con datos de mediciones de par\u00e1metros medioambientales. Entro otros, podemos encontrar datos diarios de la calidad del aire desde el 2004 hasta el 2022.\n\nPara facilitar la interpretaci\u00f3n de estos datos desde la c\u00e1tedra se ha elaborado un visor que muestra tanto el Indice de Calidad del Aire en tiempo real como los datos hist\u00f3ricos con referencia a la legislaci\u00f3n espa\u00f1ola y la OMS.\n\n<a href=\"https:\/\/server1.uv.es\/Contaminacion\/\" target=\"_blank\" rel=\"noopener\" title=\"\"><strong>Visor de calidad del aire en Valencia<\/strong><\/a>\n\n\n\n<\/code><\/pre>\n","protected":false},"excerpt":{"rendered":"<p>Calidad del aire<\/p>\n","protected":false},"author":21,"featured_media":0,"parent":0,"menu_order":0,"comment_status":"closed","ping_status":"closed","template":"","meta":{"sfsi_plus_gutenberg_text_before_share":"","sfsi_plus_gutenberg_show_text_before_share":"","sfsi_plus_gutenberg_icon_type":"","sfsi_plus_gutenberg_icon_alignemt":"","sfsi_plus_gutenburg_max_per_row":"","_monsterinsights_skip_tracking":false,"_monsterinsights_sitenote_active":false,"_monsterinsights_sitenote_note":"","_monsterinsights_sitenote_category":0,"footnotes":""},"class_list":["post-1393","page","type-page","status-publish","hentry"],"aioseo_notices":[],"_links":{"self":[{"href":"https:\/\/iavis.uv.es\/index.php\/wp-json\/wp\/v2\/pages\/1393","targetHints":{"allow":["GET"]}}],"collection":[{"href":"https:\/\/iavis.uv.es\/index.php\/wp-json\/wp\/v2\/pages"}],"about":[{"href":"https:\/\/iavis.uv.es\/index.php\/wp-json\/wp\/v2\/types\/page"}],"author":[{"embeddable":true,"href":"https:\/\/iavis.uv.es\/index.php\/wp-json\/wp\/v2\/users\/21"}],"replies":[{"embeddable":true,"href":"https:\/\/iavis.uv.es\/index.php\/wp-json\/wp\/v2\/comments?post=1393"}],"version-history":[{"count":14,"href":"https:\/\/iavis.uv.es\/index.php\/wp-json\/wp\/v2\/pages\/1393\/revisions"}],"predecessor-version":[{"id":1671,"href":"https:\/\/iavis.uv.es\/index.php\/wp-json\/wp\/v2\/pages\/1393\/revisions\/1671"}],"wp:attachment":[{"href":"https:\/\/iavis.uv.es\/index.php\/wp-json\/wp\/v2\/media?parent=1393"}],"curies":[{"name":"wp","href":"https:\/\/api.w.org\/{rel}","templated":true}]}}