{"id":108,"date":"2021-02-04T10:05:49","date_gmt":"2021-02-04T09:05:49","guid":{"rendered":"http:\/\/127.0.0.1\/wordpress\/?page_id=108"},"modified":"2024-02-08T12:28:21","modified_gmt":"2024-02-08T11:28:21","slug":"la-catedra","status":"publish","type":"page","link":"https:\/\/iavis.uv.es\/","title":{"rendered":"La c\u00e1tedra"},"content":{"rendered":"\n<h2 style=\"text-align:center;\">Presentaci\u00f3n<\/h2>\n\n\n\n<div class=\"wp-block-group is-layout-flow wp-block-group-is-layout-flow\">\n<p>La c\u00e1tedra surge por el deseo del <a title=\"https:\/\/www.valencia.es\/\" href=\"https:\/\/www.valencia.es\/\">Ayuntamiento de Valencia, <\/a>a trav\u00e9s de la <a href=\"https:\/\/www.valencia.es\/es\/cas\/ayuntamiento\/gobierno-abierto\" target=\"_blank\" rel=\"noopener\">Concejal\u00eda de Transparencia, Informaci\u00f3n y Defensa de la Ciudadan\u00eda<\/a>, de responder a los nuevos retos e ir m\u00e1s all\u00e1 del estricto cumplimiento de la normativa de transparencia y acceso a la informaci\u00f3n p\u00fablica para ofrecer a la sociedad instrumentos de conocimiento de la ciudad.<\/p>\n\n\n\n<p>Para ello, el Ayuntamiento colabora con personal de la\u202fUniversitat\u202fde Val\u00e8ncia que investiga e imparte docencia en las \u00e1reas de inteligencia artificial, visualizaci\u00f3n de informaci\u00f3n, tecnolog\u00edas web y gr\u00e1ficos 2D\/3D. <\/p>\n\n\n\n<p>El objetivo de la c\u00e1tedra es fomentar el uso de t\u00e9cnicas de inteligencia artificial, visualizaci\u00f3n de informaci\u00f3n y tecnolog\u00edas web aplicadas a las relaciones entre la ciudadan\u00eda y el gobierno municipal, la transparencia y el uso de datos abiertos.\u202f<\/p>\n\n\n\n<p>Este prop\u00f3sito enlaza con las finalidades de la universidad asegurando una mejora del cumplimiento de las finalidades docentes, de investigaci\u00f3n y divulgaci\u00f3n tecnol\u00f3gica y cultural, potenciando su relaci\u00f3n con el entorno socioecon\u00f3mico, e incrementando la oferta de actividades para alumnos y profesores.\u202f<\/p>\n\n\n\n<p>Esta c\u00e1tedra surge despu\u00e9s de una experiencia previa de ambas entidades, donde a trav\u00e9s de la<a href=\"https:\/\/ludificacion.uv.es\/\" target=\"_blank\" rel=\"noopener\"> C\u00e1tedra de Ludificaci\u00f3n y Gobierno abierto<\/a> se aplic\u00f3 la ludificaci\u00f3n como instrumento para el gobierno abierto.<\/p>\n<\/div>\n\n\n\n<h2 style=\"text-align:center;\">Actividades<\/h2>\n\n\n\n<p>La c\u00e1tedra desarrollar\u00e1 <a title=\"Actividades: noticias relacionadas\" href=\"https:\/\/iavis.uv.es\/index.php\/colaboraciones\/\">actividades<\/a> orientadas hacia la ludificaci\u00f3n de la ciudad en distintos \u00e1mbitos:<\/p>\n\n\n\n<h4 class=\"wp-block-heading\"><em><a href=\"https:\/\/iavis.uv.es\/index.php\/formacion\/\" title=\"Formaci\u00f3n\">Formaci\u00f3n<\/a><\/em><\/h4>\n\n\n\n<p>Se impartir\u00e1n cursos, conferencias y seminarios orientados a estudiantes de la Universitat de Val\u00e8ncia, a trabajos del Ajuntament de Val\u00e8ncia y a abiertos al p\u00fablico. Tambi\u00e9n se promocionar\u00e1n las \u00e1reas de la c\u00e1tedra entre las asignaturas de los grados y m\u00e1steres de la Universitat y entre los trabajos de fin de grado y de m\u00e1ster.<\/p>\n\n\n\n<h4><em>Investigaci\u00f3n<\/em><\/h4>\n\n\n\n<p>Se desarrollar\u00e1n l\u00edneas de investigaci\u00f3n afines, as\u00ed como la investigaci\u00f3n avanzada que permita integrar el mundo acad\u00e9mico y el gobierno de la ciudad.<\/p>\n\n\n\n<h4><em>Transferencia y divulgaci\u00f3n<\/em><\/h4>\n\n\n\n<p>Se difundir\u00e1 informaci\u00f3n sobre la ciudad (gesti\u00f3n, cultura, medio ambiente) mediante jornadas o actividades de divulgaci\u00f3n tecnol\u00f3gica.<\/p>\n\n\n<p>Se impulsar\u00e1 el desarrollo de herramientas y aplicaciones que puedan poner en pr\u00e1ctica la inteligencia artificial y las visualizaci\u00f3n de informaci\u00f3n en actividades formativas de manera altruista: creaci\u00f3n de prototipos, visualizaci\u00f3n de datos abiertos para acercar a la ciudadan\u00eda diferentes aspectos del funcionamiento de la ciudad.<\/p>","protected":false},"excerpt":{"rendered":"<p>Presentaci\u00f3n La c\u00e1tedra surge por el deseo del Ayuntamiento de Valencia, a trav\u00e9s de la Concejal\u00eda de Transparencia, Informaci\u00f3n y Defensa de la Ciudadan\u00eda, de responder a los nuevos retos e ir m\u00e1s all\u00e1 del estricto cumplimiento de la normativa de transparencia y acceso a la informaci\u00f3n p\u00fablica para ofrecer a la sociedad instrumentos de &hellip; <\/p>\n<p class=\"link-more\"><a href=\"https:\/\/iavis.uv.es\/\" class=\"more-link\">Continuar leyendo<span class=\"screen-reader-text\"> \u00abLa c\u00e1tedra\u00bb<\/span><\/a><\/p>\n","protected":false},"author":1,"featured_media":0,"parent":0,"menu_order":0,"comment_status":"closed","ping_status":"closed","template":"","meta":{"sfsi_plus_gutenberg_text_before_share":"","sfsi_plus_gutenberg_show_text_before_share":"","sfsi_plus_gutenberg_icon_type":"","sfsi_plus_gutenberg_icon_alignemt":"","sfsi_plus_gutenburg_max_per_row":"","_monsterinsights_skip_tracking":false,"_monsterinsights_sitenote_active":false,"_monsterinsights_sitenote_note":"","_monsterinsights_sitenote_category":0,"footnotes":""},"class_list":["post-108","page","type-page","status-publish","hentry"],"aioseo_notices":[],"_links":{"self":[{"href":"https:\/\/iavis.uv.es\/index.php\/wp-json\/wp\/v2\/pages\/108","targetHints":{"allow":["GET"]}}],"collection":[{"href":"https:\/\/iavis.uv.es\/index.php\/wp-json\/wp\/v2\/pages"}],"about":[{"href":"https:\/\/iavis.uv.es\/index.php\/wp-json\/wp\/v2\/types\/page"}],"author":[{"embeddable":true,"href":"https:\/\/iavis.uv.es\/index.php\/wp-json\/wp\/v2\/users\/1"}],"replies":[{"embeddable":true,"href":"https:\/\/iavis.uv.es\/index.php\/wp-json\/wp\/v2\/comments?post=108"}],"version-history":[{"count":24,"href":"https:\/\/iavis.uv.es\/index.php\/wp-json\/wp\/v2\/pages\/108\/revisions"}],"predecessor-version":[{"id":1546,"href":"https:\/\/iavis.uv.es\/index.php\/wp-json\/wp\/v2\/pages\/108\/revisions\/1546"}],"wp:attachment":[{"href":"https:\/\/iavis.uv.es\/index.php\/wp-json\/wp\/v2\/media?parent=108"}],"curies":[{"name":"wp","href":"https:\/\/api.w.org\/{rel}","templated":true}]}}

La cátedra

<h2 style="text-align:center;">Presentación</h2>



<div class="wp-block-group is-layout-flow wp-block-group-is-layout-flow">
<p>La cátedra surge por el deseo del <a title="https://www.valencia.es/" href="https://www.valencia.es/">Ayuntamiento de Valencia, </a>a través de la <a href="https://www.valencia.es/es/cas/ayuntamiento/gobierno-abierto" target="_blank" rel="noopener">Concejalía de Transparencia, Información y Defensa de la Ciudadanía</a>, de responder a los nuevos retos e ir más allá del estricto cumplimiento de la normativa de transparencia y acceso a la información pública para ofrecer a la sociedad instrumentos de conocimiento de la ciudad.</p>



<p>Para ello, el Ayuntamiento colabora con personal de la Universitat de València que investiga e imparte docencia en las áreas de inteligencia artificial, visualización de información, tecnologías web y gráficos 2D/3D. </p>



<p>El objetivo de la cátedra es fomentar el uso de técnicas de inteligencia artificial, visualización de información y tecnologías web aplicadas a las relaciones entre la ciudadanía y el gobierno municipal, la transparencia y el uso de datos abiertos. </p>



<p>Este propósito enlaza con las finalidades de la universidad asegurando una mejora del cumplimiento de las finalidades docentes, de investigación y divulgación tecnológica y cultural, potenciando su relación con el entorno socioeconómico, e incrementando la oferta de actividades para alumnos y profesores. </p>



<p>Esta cátedra surge después de una experiencia previa de ambas entidades, donde a través de la<a href="https://ludificacion.uv.es/" target="_blank" rel="noopener"> Cátedra de Ludificación y Gobierno abierto</a> se aplicó la ludificación como instrumento para el gobierno abierto.</p>
</div>



<h2 style="text-align:center;">Actividades</h2>



<p>La cátedra desarrollará <a title="Actividades: noticias relacionadas" href="https://iavis.uv.es/index.php/colaboraciones/">actividades</a> orientadas hacia la ludificación de la ciudad en distintos ámbitos:</p>



<h4 class="wp-block-heading"><em><a href="https://iavis.uv.es/index.php/formacion/" title="Formación">Formación</a></em></h4>



<p>Se impartirán cursos, conferencias y seminarios orientados a estudiantes de la Universitat de València, a trabajos del Ajuntament de València y a abiertos al público. También se promocionarán las áreas de la cátedra entre las asignaturas de los grados y másteres de la Universitat y entre los trabajos de fin de grado y de máster.</p>



<h4><em>Investigación</em></h4>



<p>Se desarrollarán líneas de investigación afines, así como la investigación avanzada que permita integrar el mundo académico y el gobierno de la ciudad.</p>



<h4><em>Transferencia y divulgación</em></h4>



<p>Se difundirá información sobre la ciudad (gestión, cultura, medio ambiente) mediante jornadas o actividades de divulgación tecnológica.</p>


<p>Se impulsará el desarrollo de herramientas y aplicaciones que puedan poner en práctica la inteligencia artificial y las visualización de información en actividades formativas de manera altruista: creación de prototipos, visualización de datos abiertos para acercar a la ciudadanía diferentes aspectos del funcionamiento de la ciudad.</p>

<p>Presentación La cátedra surge por el deseo del Ayuntamiento de Valencia, a través de la Concejalía de Transparencia, Información y Defensa de la Ciudadanía, de responder a los nuevos retos e ir más allá del estricto cumplimiento de la normativa de transparencia y acceso a la información pública para ofrecer a la sociedad instrumentos de &hellip; </p>
<p class="link-more"><a href="https://iavis.uv.es/" class="more-link">Continuar leyendo<span class="screen-reader-text"> «La cátedra»</span></a></p>
